{"id":254,"date":"2021-11-22T16:03:36","date_gmt":"2021-11-22T15:03:36","guid":{"rendered":"https:\/\/djembekadon.fr\/?page_id=254"},"modified":"2021-11-23T07:18:50","modified_gmt":"2021-11-23T06:18:50","slug":"inscription-stage","status":"publish","type":"page","link":"https:\/\/djembekadon.fr\/index.php\/inscription-stage\/","title":{"rendered":"Inscription stage"},"content":{"rendered":"<div id=\"wppb-builder-container\" class=\"wppb-builder-container\">                <div  class=\"wppb-row-parent  wppb-row-1637647764115 \"  >\n\t\t\t\t\t\n\t\t\t\t\t\t\t\t\t\t\n\t\t\t\t\t\t\t\t\t\t\n\t\t\t\t\t<div class=\"wppb-container \">\n\t\t\t\t\t\t\t\t\t\t\t\t\t\n                        <div class=\"wppb-row\">\n\t\t\t\t\t\t\t                                    <div  class=\"wppb-column-parent wppb-column-parent-view wppb-col-1637647764114  \"  >\n                                        <div class=\"wppb-column\">\n\t\t\t\t\t\n\t\t\t\t\t\t\t\t\t\t\t\n                                            <div class=\"wppb-builder-addons\">\n\t\t\t\t\t\t\t\t\t\t\t\t<div class='wppb-builder-addon wppb-addon-1637647775110'  data-addon-id='1637647775110'><div class='wppb-addon'><div class=\"wppb-headline-addon\"><div class=\"wppb-headline-content\"><h2 class=\"wppb-addon-title\">Stage du dimanche 27 fevrier 2022<\/h2><\/div><\/div><\/div><\/div>                                            <\/div>\n                                        <\/div>\n                                    <\/div>\n\t\t\t\t\t\t\t\t\t                        <\/div>\n\n                    <\/div>\n                <\/div>\n\t\t\t\t                <div  class=\"wppb-row-parent  wppb-row-1637647764122 \"  >\n\t\t\t\t\t\n\t\t\t\t\t\t\t\t\t\t\n\t\t\t\t\t\t\t\t\t\t\n\t\t\t\t\t<div class=\"wppb-container \">\n\t\t\t\t\t\t\t\t\t\t\t\t\t\n                        <div class=\"wppb-row\">\n\t\t\t\t\t\t\t                                    <div  class=\"wppb-column-parent wppb-column-parent-view wppb-col-1637647764120  \"  >\n                                        <div class=\"wppb-column\">\n\t\t\t\t\t\n\t\t\t\t\t\t\t\t\t\t\t\n                                            <div class=\"wppb-builder-addons\">\n\t\t\t\t\t\t\t\t\t\t\t\t<div class='wppb-builder-addon wppb-addon-1637647867692'  data-addon-id='1637647867692'><div class='wppb-addon'><div class=\"wppb-text-block-addon\"><div class=\"wppb-text-block-content 0\"><p>Djemb\u00e9: <br \/>10H \u00e0 12H<br \/>Niveau d\u00e9butant<\/p><p>Dununs: <br \/>13H \u00e0 15H<br \/>Tous niveaux<\/p><p>Djemb\u00e9: <br \/>15H30 \u00e0 17H30<br \/>Niveau moyen<\/p><p>15\u20ac les deux heures de stage<\/p><\/div><\/div><\/div><\/div>                                            <\/div>\n                                        <\/div>\n                                    <\/div>\n\t\t\t\t\t\t\t\t\t                                    <div  class=\"wppb-column-parent wppb-column-parent-view wppb-col-1637647764121  \"  >\n                                        <div class=\"wppb-column\">\n\t\t\t\t\t\n\t\t\t\t\t\t\t\t\t\t\t\n                                            <div class=\"wppb-builder-addons\">\n\t\t\t\t\t\t\t\t\t\t\t\t<div class='wppb-builder-addon wppb-addon-1637648069199'  data-addon-id='1637648069199'><div class='wppb-addon'><div class=\"wppb-raw-html-addon\"><div class=\"wppb-raw-html-content\"><iframe loading=\"lazy\" src=\"https:\/\/www.google.com\/maps\/embed?pb=!1m14!1m8!1m3!1d10369.968918351859!2d1.0845291!3d49.4752083!3m2!1i1024!2i768!4f13.1!3m3!1m2!1s0x0%3A0x9209721b581bccb8!2sMaison%20des%20Scouts!5e0!3m2!1sfr!2sfr!4v1637648112990!5m2!1sfr!2sfr\" width=\"600\" height=\"450\" allowfullscreen=\"\"><\/iframe><\/div><\/div><\/div><\/div>                                            <\/div>\n                                        <\/div>\n                                    <\/div>\n\t\t\t\t\t\t\t\t\t                        <\/div>\n\n                    <\/div>\n                <\/div>\n\t\t\t\t                <div  class=\"wppb-row-parent  wppb-row-1637647765045 \"  >\n\t\t\t\t\t\n\t\t\t\t\t\t\t\t\t\t\n\t\t\t\t\t\t\t\t\t\t\n\t\t\t\t\t<div class=\"wppb-container \">\n\t\t\t\t\t\t\t\t\t\t\t\t\t\n                        <div class=\"wppb-row\">\n\t\t\t\t\t\t\t                                    <div  class=\"wppb-column-parent wppb-column-parent-view wppb-col-1637647765044  \"  >\n                                        <div class=\"wppb-column\">\n\t\t\t\t\t\n\t\t\t\t\t\t\t\t\t\t\t\n                                            <div class=\"wppb-builder-addons\">\n\t\t\t\t\t\t\t\t\t\t\t\t<div class='wppb-builder-addon wppb-widget-1637648210831 wppb-addon-1637648210831'  data-addon-id='1637648210831'><div class='wppb-widget'><div class=\"wpforms-container wpforms-container-full\" id=\"wpforms-279\"><form id=\"wpforms-form-279\" class=\"wpforms-validate wpforms-form wpforms-ajax-form\" data-formid=\"279\" method=\"post\" enctype=\"multipart\/form-data\" action=\"\/index.php\/wp-json\/wp\/v2\/pages\/254\" data-token=\"3c48ea8cd6dbc113e62c6264f27b83b1\" data-token-time=\"1777591861\"><noscript class=\"wpforms-error-noscript\">Veuillez activer JavaScript dans votre navigateur pour remplir ce formulaire.<\/noscript><div class=\"wpforms-field-container\"><div id=\"wpforms-279-field_0-container\" class=\"wpforms-field wpforms-field-name\" data-field-id=\"0\"><label class=\"wpforms-field-label\">Pr\u00e9nom Nom <span class=\"wpforms-required-label\">*<\/span><\/label><div class=\"wpforms-field-row wpforms-field-medium\"><div class=\"wpforms-field-row-block wpforms-first wpforms-one-half\"><input type=\"text\" id=\"wpforms-279-field_0\" class=\"wpforms-field-name-first wpforms-field-required\" name=\"wpforms[fields][0][first]\" required><label for=\"wpforms-279-field_0\" class=\"wpforms-field-sublabel after\">Pr\u00e9nom<\/label><\/div><div class=\"wpforms-field-row-block wpforms-one-half\"><input type=\"text\" id=\"wpforms-279-field_0-last\" class=\"wpforms-field-name-last wpforms-field-required\" name=\"wpforms[fields][0][last]\" required><label for=\"wpforms-279-field_0-last\" class=\"wpforms-field-sublabel after\">Nom<\/label><\/div><\/div><\/div><div id=\"wpforms-279-field_6-container\" class=\"wpforms-field wpforms-field-text\" data-field-id=\"6\"><label class=\"wpforms-field-label\" for=\"wpforms-279-field_6\">T\u00e9l\u00e9phone <span class=\"wpforms-required-label\">*<\/span><\/label><input type=\"text\" id=\"wpforms-279-field_6\" class=\"wpforms-field-medium wpforms-field-required\" name=\"wpforms[fields][6]\" required><\/div><div id=\"wpforms-279-field_1-container\" class=\"wpforms-field wpforms-field-email\" data-field-id=\"1\"><label class=\"wpforms-field-label\" for=\"wpforms-279-field_1\">Email <span class=\"wpforms-required-label\">*<\/span><\/label><input type=\"email\" id=\"wpforms-279-field_1\" class=\"wpforms-field-medium wpforms-field-required\" name=\"wpforms[fields][1]\" spellcheck=\"false\" required><\/div><div id=\"wpforms-279-field_4-container\" class=\"wpforms-field wpforms-field-radio\" data-field-id=\"4\"><label class=\"wpforms-field-label\">Horaires<\/label><ul id=\"wpforms-279-field_4\"><li class=\"choice-1 depth-1\"><input type=\"radio\" id=\"wpforms-279-field_4_1\" name=\"wpforms[fields][4]\" value=\"Djemb\u00e9 10H \u00e0 12H\"  ><label class=\"wpforms-field-label-inline\" for=\"wpforms-279-field_4_1\">Djemb\u00e9 10H \u00e0 12H<\/label><\/li><li class=\"choice-2 depth-1\"><input type=\"radio\" id=\"wpforms-279-field_4_2\" name=\"wpforms[fields][4]\" value=\"Dununs 13H \u00e0 15H\"  ><label class=\"wpforms-field-label-inline\" for=\"wpforms-279-field_4_2\">Dununs 13H \u00e0 15H<\/label><\/li><li class=\"choice-3 depth-1\"><input type=\"radio\" id=\"wpforms-279-field_4_3\" name=\"wpforms[fields][4]\" value=\"Djemb\u00e9 15H30 \u00e0 17H30\"  ><label class=\"wpforms-field-label-inline\" for=\"wpforms-279-field_4_3\">Djemb\u00e9 15H30 \u00e0 17H30<\/label><\/li><\/ul><\/div><div id=\"wpforms-279-field_2-container\" class=\"wpforms-field wpforms-field-textarea\" data-field-id=\"2\"><label class=\"wpforms-field-label\" for=\"wpforms-279-field_2\">Message<\/label><textarea id=\"wpforms-279-field_2\" class=\"wpforms-field-medium\" name=\"wpforms[fields][2]\" ><\/textarea><\/div><\/div><!-- .wpforms-field-container --><div class=\"wpforms-submit-container\" ><input type=\"hidden\" name=\"wpforms[id]\" value=\"279\"><input type=\"hidden\" name=\"page_title\" value=\"\"><input type=\"hidden\" name=\"page_url\" value=\"https:\/\/djembekadon.fr\/index.php\/wp-json\/wp\/v2\/pages\/254\"><input type=\"hidden\" name=\"url_referer\" value=\"\"><button type=\"submit\" name=\"wpforms[submit]\" id=\"wpforms-submit-279\" class=\"wpforms-submit\" data-alt-text=\"Sending...\" data-submit-text=\"Envoyer\" aria-live=\"assertive\" value=\"wpforms-submit\">Envoyer<\/button><img loading=\"lazy\" decoding=\"async\" src=\"https:\/\/djembekadon.fr\/wp-content\/plugins\/wpforms-lite\/assets\/images\/submit-spin.svg\" class=\"wpforms-submit-spinner\" style=\"display: none;\" width=\"26\" height=\"26\" alt=\"Chargement en cours\"><\/div><\/form><\/div>  <!-- .wpforms-container --><\/div><\/div>                                            <\/div>\n                                        <\/div>\n                                    <\/div>\n\t\t\t\t\t\t\t\t\t                        <\/div>\n\n                    <\/div>\n                <\/div>\n\t\t\t\t<\/div>","protected":false},"excerpt":{"rendered":"<p>Stage du dimanche 27 fevrier 2022 Djemb\u00e9: 10H \u00e0 12HNiveau d\u00e9butantDununs: 13H \u00e0 15HTous niveauxDjemb\u00e9: 15H30 \u00e0 17H30Niveau moyen15\u20ac les deux heures de stage Veuillez activer JavaScript dans votre navigateur pour remplir ce formulaire.Pr\u00e9nom Nom *Pr\u00e9nomNomT\u00e9l\u00e9phone *Email *HorairesDjemb\u00e9 10H \u00e0 12HDununs 13H \u00e0 15HDjemb\u00e9 15H30 \u00e0 17H30MessageEnvoyer<\/p>\n","protected":false},"author":1,"featured_media":0,"parent":0,"menu_order":0,"comment_status":"closed","ping_status":"closed","template":"wppb_theme_template","meta":{"_et_pb_use_builder":"","_et_pb_old_content":"","_et_gb_content_width":"","om_disable_all_campaigns":false,"_mc_calendar":[],"footnotes":""},"class_list":["post-254","page","type-page","status-publish","hentry"],"yoast_head":"<!-- This site is optimized with the Yoast SEO plugin v27.1.1 - https:\/\/yoast.com\/product\/yoast-seo-wordpress\/ -->\n<title>Inscription stage - Djemb\u00e9 Ka Don<\/title>\n<meta name=\"robots\" content=\"index, follow, max-snippet:-1, max-image-preview:large, max-video-preview:-1\" \/>\n<link rel=\"canonical\" href=\"https:\/\/djembekadon.fr\/index.php\/inscription-stage\/\" \/>\n<meta property=\"og:locale\" content=\"fr_FR\" \/>\n<meta property=\"og:type\" content=\"article\" \/>\n<meta property=\"og:title\" content=\"Inscription stage - Djemb\u00e9 Ka Don\" \/>\n<meta property=\"og:description\" content=\"Stage du dimanche 27 fevrier 2022 Djemb\u00e9: 10H \u00e0 12HNiveau d\u00e9butantDununs: 13H \u00e0 15HTous niveauxDjemb\u00e9: 15H30 \u00e0 17H30Niveau moyen15\u20ac les deux heures de stage Veuillez activer JavaScript dans votre navigateur pour remplir ce formulaire.Pr\u00e9nom Nom *Pr\u00e9nomNomT\u00e9l\u00e9phone *Email *HorairesDjemb\u00e9 10H \u00e0 12HDununs 13H \u00e0 15HDjemb\u00e9 15H30 \u00e0 17H30MessageEnvoyer\" \/>\n<meta property=\"og:url\" content=\"https:\/\/djembekadon.fr\/index.php\/inscription-stage\/\" \/>\n<meta property=\"og:site_name\" content=\"Djemb\u00e9 Ka Don\" \/>\n<meta property=\"article:modified_time\" content=\"2021-11-23T06:18:50+00:00\" \/>\n<meta name=\"twitter:card\" content=\"summary_large_image\" \/>\n<script type=\"application\/ld+json\" class=\"yoast-schema-graph\">{\"@context\":\"https:\/\/schema.org\",\"@graph\":[{\"@type\":\"WebPage\",\"@id\":\"https:\/\/djembekadon.fr\/index.php\/inscription-stage\/\",\"url\":\"https:\/\/djembekadon.fr\/index.php\/inscription-stage\/\",\"name\":\"Inscription stage - Djemb\u00e9 Ka Don\",\"isPartOf\":{\"@id\":\"https:\/\/djembekadon.fr\/#website\"},\"datePublished\":\"2021-11-22T15:03:36+00:00\",\"dateModified\":\"2021-11-23T06:18:50+00:00\",\"breadcrumb\":{\"@id\":\"https:\/\/djembekadon.fr\/index.php\/inscription-stage\/#breadcrumb\"},\"inLanguage\":\"fr-FR\",\"potentialAction\":[{\"@type\":\"ReadAction\",\"target\":[\"https:\/\/djembekadon.fr\/index.php\/inscription-stage\/\"]}]},{\"@type\":\"BreadcrumbList\",\"@id\":\"https:\/\/djembekadon.fr\/index.php\/inscription-stage\/#breadcrumb\",\"itemListElement\":[{\"@type\":\"ListItem\",\"position\":1,\"name\":\"Accueil\",\"item\":\"https:\/\/djembekadon.fr\/\"},{\"@type\":\"ListItem\",\"position\":2,\"name\":\"Inscription stage\"}]},{\"@type\":\"WebSite\",\"@id\":\"https:\/\/djembekadon.fr\/#website\",\"url\":\"https:\/\/djembekadon.fr\/\",\"name\":\"Djemb\u00e9 Ka Don\",\"description\":\"Flash info : Inscription de derni\u00e8re minute !!!  Pour le cours d\u2019initiation Djemb\u00e9  (D\u00e9butant ou 1 an de pratique de l\u2019instrument), Il est  toujours possible de s\u2019inscrire au cours de Djemb\u00e9 ( le jeudi)  jusqu\u2019aux vacances de No\u00ebl. Pour les confirm\u00e9s, vous pouvez vous inscrire aux cours de Djemb\u00e9 et\/ou de Duns tout au long de l\u2019ann\u00e9e 2025-26.\u00a0 Le prix des cours sera calcul\u00e9 au prorata des s\u00e9ances restantes.\",\"publisher\":{\"@id\":\"https:\/\/djembekadon.fr\/#organization\"},\"potentialAction\":[{\"@type\":\"SearchAction\",\"target\":{\"@type\":\"EntryPoint\",\"urlTemplate\":\"https:\/\/djembekadon.fr\/?s={search_term_string}\"},\"query-input\":{\"@type\":\"PropertyValueSpecification\",\"valueRequired\":true,\"valueName\":\"search_term_string\"}}],\"inLanguage\":\"fr-FR\"},{\"@type\":\"Organization\",\"@id\":\"https:\/\/djembekadon.fr\/#organization\",\"name\":\"Djemb\u00e9 Ka Don\",\"url\":\"https:\/\/djembekadon.fr\/\",\"logo\":{\"@type\":\"ImageObject\",\"inLanguage\":\"fr-FR\",\"@id\":\"https:\/\/djembekadon.fr\/#\/schema\/logo\/image\/\",\"url\":\"https:\/\/djembekadon.fr\/wp-content\/uploads\/2021\/08\/cropped-logo-f-djembe-ka-don.png\",\"contentUrl\":\"https:\/\/djembekadon.fr\/wp-content\/uploads\/2021\/08\/cropped-logo-f-djembe-ka-don.png\",\"width\":512,\"height\":512,\"caption\":\"Djemb\u00e9 Ka Don\"},\"image\":{\"@id\":\"https:\/\/djembekadon.fr\/#\/schema\/logo\/image\/\"}}]}<\/script>\n<!-- \/ Yoast SEO plugin. -->","yoast_head_json":{"title":"Inscription stage - Djemb\u00e9 Ka Don","robots":{"index":"index","follow":"follow","max-snippet":"max-snippet:-1","max-image-preview":"max-image-preview:large","max-video-preview":"max-video-preview:-1"},"canonical":"https:\/\/djembekadon.fr\/index.php\/inscription-stage\/","og_locale":"fr_FR","og_type":"article","og_title":"Inscription stage - Djemb\u00e9 Ka Don","og_description":"Stage du dimanche 27 fevrier 2022 Djemb\u00e9: 10H \u00e0 12HNiveau d\u00e9butantDununs: 13H \u00e0 15HTous niveauxDjemb\u00e9: 15H30 \u00e0 17H30Niveau moyen15\u20ac les deux heures de stage Veuillez activer JavaScript dans votre navigateur pour remplir ce formulaire.Pr\u00e9nom Nom *Pr\u00e9nomNomT\u00e9l\u00e9phone *Email *HorairesDjemb\u00e9 10H \u00e0 12HDununs 13H \u00e0 15HDjemb\u00e9 15H30 \u00e0 17H30MessageEnvoyer","og_url":"https:\/\/djembekadon.fr\/index.php\/inscription-stage\/","og_site_name":"Djemb\u00e9 Ka Don","article_modified_time":"2021-11-23T06:18:50+00:00","twitter_card":"summary_large_image","schema":{"@context":"https:\/\/schema.org","@graph":[{"@type":"WebPage","@id":"https:\/\/djembekadon.fr\/index.php\/inscription-stage\/","url":"https:\/\/djembekadon.fr\/index.php\/inscription-stage\/","name":"Inscription stage - Djemb\u00e9 Ka Don","isPartOf":{"@id":"https:\/\/djembekadon.fr\/#website"},"datePublished":"2021-11-22T15:03:36+00:00","dateModified":"2021-11-23T06:18:50+00:00","breadcrumb":{"@id":"https:\/\/djembekadon.fr\/index.php\/inscription-stage\/#breadcrumb"},"inLanguage":"fr-FR","potentialAction":[{"@type":"ReadAction","target":["https:\/\/djembekadon.fr\/index.php\/inscription-stage\/"]}]},{"@type":"BreadcrumbList","@id":"https:\/\/djembekadon.fr\/index.php\/inscription-stage\/#breadcrumb","itemListElement":[{"@type":"ListItem","position":1,"name":"Accueil","item":"https:\/\/djembekadon.fr\/"},{"@type":"ListItem","position":2,"name":"Inscription stage"}]},{"@type":"WebSite","@id":"https:\/\/djembekadon.fr\/#website","url":"https:\/\/djembekadon.fr\/","name":"Djemb\u00e9 Ka Don","description":"Flash info : Inscription de derni\u00e8re minute !!!  Pour le cours d\u2019initiation Djemb\u00e9  (D\u00e9butant ou 1 an de pratique de l\u2019instrument), Il est  toujours possible de s\u2019inscrire au cours de Djemb\u00e9 ( le jeudi)  jusqu\u2019aux vacances de No\u00ebl. Pour les confirm\u00e9s, vous pouvez vous inscrire aux cours de Djemb\u00e9 et\/ou de Duns tout au long de l\u2019ann\u00e9e 2025-26.\u00a0 Le prix des cours sera calcul\u00e9 au prorata des s\u00e9ances restantes.","publisher":{"@id":"https:\/\/djembekadon.fr\/#organization"},"potentialAction":[{"@type":"SearchAction","target":{"@type":"EntryPoint","urlTemplate":"https:\/\/djembekadon.fr\/?s={search_term_string}"},"query-input":{"@type":"PropertyValueSpecification","valueRequired":true,"valueName":"search_term_string"}}],"inLanguage":"fr-FR"},{"@type":"Organization","@id":"https:\/\/djembekadon.fr\/#organization","name":"Djemb\u00e9 Ka Don","url":"https:\/\/djembekadon.fr\/","logo":{"@type":"ImageObject","inLanguage":"fr-FR","@id":"https:\/\/djembekadon.fr\/#\/schema\/logo\/image\/","url":"https:\/\/djembekadon.fr\/wp-content\/uploads\/2021\/08\/cropped-logo-f-djembe-ka-don.png","contentUrl":"https:\/\/djembekadon.fr\/wp-content\/uploads\/2021\/08\/cropped-logo-f-djembe-ka-don.png","width":512,"height":512,"caption":"Djemb\u00e9 Ka Don"},"image":{"@id":"https:\/\/djembekadon.fr\/#\/schema\/logo\/image\/"}}]}},"jetpack_sharing_enabled":true,"_links":{"self":[{"href":"https:\/\/djembekadon.fr\/index.php\/wp-json\/wp\/v2\/pages\/254","targetHints":{"allow":["GET"]}}],"collection":[{"href":"https:\/\/djembekadon.fr\/index.php\/wp-json\/wp\/v2\/pages"}],"about":[{"href":"https:\/\/djembekadon.fr\/index.php\/wp-json\/wp\/v2\/types\/page"}],"author":[{"embeddable":true,"href":"https:\/\/djembekadon.fr\/index.php\/wp-json\/wp\/v2\/users\/1"}],"replies":[{"embeddable":true,"href":"https:\/\/djembekadon.fr\/index.php\/wp-json\/wp\/v2\/comments?post=254"}],"version-history":[{"count":2,"href":"https:\/\/djembekadon.fr\/index.php\/wp-json\/wp\/v2\/pages\/254\/revisions"}],"predecessor-version":[{"id":282,"href":"https:\/\/djembekadon.fr\/index.php\/wp-json\/wp\/v2\/pages\/254\/revisions\/282"}],"wp:attachment":[{"href":"https:\/\/djembekadon.fr\/index.php\/wp-json\/wp\/v2\/media?parent=254"}],"curies":[{"name":"wp","href":"https:\/\/api.w.org\/{rel}","templated":true}]}}