{"id":186,"date":"2021-11-21T04:47:34","date_gmt":"2021-11-21T03:47:34","guid":{"rendered":"https:\/\/djembekadon.fr\/?page_id=186"},"modified":"2024-05-13T11:26:44","modified_gmt":"2024-05-13T09:26:44","slug":"partitions-old","status":"publish","type":"page","link":"https:\/\/djembekadon.fr\/index.php\/partitions-old\/","title":{"rendered":"Partitions old"},"content":{"rendered":"<div id=\"wppb-builder-container\" class=\"wppb-builder-container\">                <div  class=\"wppb-row-parent  wppb-row-1637740840286 \"  >\n\t\t\t\t\t\n\t\t\t\t\t\t\t\t\t\t\n\t\t\t\t\t\t\t\t\t\t\n\t\t\t\t\t<div class=\"wppb-container \">\n\t\t\t\t\t\t\t\t\t\t\t\t\t\n                        <div class=\"wppb-row\">\n\t\t\t\t\t\t\t                                    <div  class=\"wppb-column-parent wppb-column-parent-view wppb-col-1637740840285  \"  >\n                                        <div class=\"wppb-column\">\n\t\t\t\t\t\n\t\t\t\t\t\t\t\t\t\t\t\n                                            <div class=\"wppb-builder-addons\">\n\t\t\t\t\t\t\t\t\t\t\t\t<div class='wppb-builder-addon wppb-addon-1637740900574'  data-addon-id='1637740900574'><div class='wppb-addon'><div class=\"wppb-addon wppb-button-addon\"><div class=\"wppb-button-addon-content\"><a  href=\"https:\/\/djembekadon.fr\/index.php\/espace-membres\/\" target=_self class=\"wppb-btn-addons  wppb-btn-custom wppb-btn-rounded wppb-btn-large wppb-btn-no\"><i class=\"fas fa-arrow-left\"><\/i> Cat\u00e9gories<\/a><\/div><\/div><\/div><\/div>                                            <\/div>\n                                        <\/div>\n                                    <\/div>\n\t\t\t\t\t\t\t\t\t                        <\/div>\n\n                    <\/div>\n                <\/div>\n\t\t\t\t                <div  class=\"wppb-row-parent  wppb-row-1637740840288 \"  >\n\t\t\t\t\t\n\t\t\t\t\t\t\t\t\t\t\n\t\t\t\t\t\t\t\t\t\t\n\t\t\t\t\t<div class=\"wppb-container \">\n\t\t\t\t\t\t\t\t\t\t\t\t\t\n                        <div class=\"wppb-row\">\n\t\t\t\t\t\t\t                                    <div  class=\"wppb-column-parent wppb-column-parent-view wppb-col-1637740840287  \"  >\n                                        <div class=\"wppb-column\">\n\t\t\t\t\t\n\t\t\t\t\t\t\t\t\t\t\t\n                                            <div class=\"wppb-builder-addons\">\n\t\t\t\t\t\t\t\t\t\t\t\t<div class='wppb-builder-addon wppb-addon-1637740853454'  data-addon-id='1637740853454'><div class='wppb-addon'><div class=\"wppb-alert-addon\"><div class=\"wppb-alert-addon-content wppb-alert-info\"><span class=\"wppb-alert-desc\">Aucun contenu pour le moment revenez visiter la page ult\u00e9rieurement.<\/span><button type=\"button\" class=\"wppb-close-alert\" data-dismiss=\"wppb-alert\"><span aria-hidden=\"true\">&times;<\/span><\/button><\/div><\/div><\/div><\/div>                                            <\/div>\n                                        <\/div>\n                                    <\/div>\n\t\t\t\t\t\t\t\t\t                        <\/div>\n\n                    <\/div>\n                <\/div>\n\t\t\t\t<\/div>","protected":false},"excerpt":{"rendered":"<p>Cat\u00e9gories Aucun contenu pour le moment revenez visiter la page ult\u00e9rieurement.&times;<\/p>\n","protected":false},"author":2,"featured_media":0,"parent":0,"menu_order":0,"comment_status":"closed","ping_status":"closed","template":"","meta":{"_et_pb_use_builder":"","_et_pb_old_content":"","_et_gb_content_width":"","om_disable_all_campaigns":false,"_mc_calendar":[],"footnotes":""},"class_list":["post-186","page","type-page","status-publish","hentry"],"yoast_head":"<!-- This site is optimized with the Yoast SEO plugin v27.1.1 - https:\/\/yoast.com\/product\/yoast-seo-wordpress\/ -->\n<title>Partitions old - Djemb\u00e9 Ka Don<\/title>\n<meta name=\"robots\" content=\"index, follow, max-snippet:-1, max-image-preview:large, max-video-preview:-1\" \/>\n<link rel=\"canonical\" href=\"https:\/\/djembekadon.fr\/index.php\/partitions-old\/\" \/>\n<meta property=\"og:locale\" content=\"fr_FR\" \/>\n<meta property=\"og:type\" content=\"article\" \/>\n<meta property=\"og:title\" content=\"Partitions old - Djemb\u00e9 Ka Don\" \/>\n<meta property=\"og:description\" content=\"Cat\u00e9gories Aucun contenu pour le moment revenez visiter la page ult\u00e9rieurement.&times;\" \/>\n<meta property=\"og:url\" content=\"https:\/\/djembekadon.fr\/index.php\/partitions-old\/\" \/>\n<meta property=\"og:site_name\" content=\"Djemb\u00e9 Ka Don\" \/>\n<meta property=\"article:modified_time\" content=\"2024-05-13T09:26:44+00:00\" \/>\n<meta name=\"twitter:card\" content=\"summary_large_image\" \/>\n<script type=\"application\/ld+json\" class=\"yoast-schema-graph\">{\"@context\":\"https:\/\/schema.org\",\"@graph\":[{\"@type\":\"WebPage\",\"@id\":\"https:\/\/djembekadon.fr\/index.php\/partitions-old\/\",\"url\":\"https:\/\/djembekadon.fr\/index.php\/partitions-old\/\",\"name\":\"Partitions old - Djemb\u00e9 Ka Don\",\"isPartOf\":{\"@id\":\"https:\/\/djembekadon.fr\/#website\"},\"datePublished\":\"2021-11-21T03:47:34+00:00\",\"dateModified\":\"2024-05-13T09:26:44+00:00\",\"breadcrumb\":{\"@id\":\"https:\/\/djembekadon.fr\/index.php\/partitions-old\/#breadcrumb\"},\"inLanguage\":\"fr-FR\",\"potentialAction\":[{\"@type\":\"ReadAction\",\"target\":[\"https:\/\/djembekadon.fr\/index.php\/partitions-old\/\"]}]},{\"@type\":\"BreadcrumbList\",\"@id\":\"https:\/\/djembekadon.fr\/index.php\/partitions-old\/#breadcrumb\",\"itemListElement\":[{\"@type\":\"ListItem\",\"position\":1,\"name\":\"Accueil\",\"item\":\"https:\/\/djembekadon.fr\/\"},{\"@type\":\"ListItem\",\"position\":2,\"name\":\"Partitions old\"}]},{\"@type\":\"WebSite\",\"@id\":\"https:\/\/djembekadon.fr\/#website\",\"url\":\"https:\/\/djembekadon.fr\/\",\"name\":\"Djemb\u00e9 Ka Don\",\"description\":\"Flash info : Inscription de derni\u00e8re minute !!!  Pour le cours d\u2019initiation Djemb\u00e9  (D\u00e9butant ou 1 an de pratique de l\u2019instrument), Il est  toujours possible de s\u2019inscrire au cours de Djemb\u00e9 ( le jeudi)  jusqu\u2019aux vacances de No\u00ebl. Pour les confirm\u00e9s, vous pouvez vous inscrire aux cours de Djemb\u00e9 et\/ou de Duns tout au long de l\u2019ann\u00e9e 2025-26.\u00a0 Le prix des cours sera calcul\u00e9 au prorata des s\u00e9ances restantes.\",\"publisher\":{\"@id\":\"https:\/\/djembekadon.fr\/#organization\"},\"potentialAction\":[{\"@type\":\"SearchAction\",\"target\":{\"@type\":\"EntryPoint\",\"urlTemplate\":\"https:\/\/djembekadon.fr\/?s={search_term_string}\"},\"query-input\":{\"@type\":\"PropertyValueSpecification\",\"valueRequired\":true,\"valueName\":\"search_term_string\"}}],\"inLanguage\":\"fr-FR\"},{\"@type\":\"Organization\",\"@id\":\"https:\/\/djembekadon.fr\/#organization\",\"name\":\"Djemb\u00e9 Ka Don\",\"url\":\"https:\/\/djembekadon.fr\/\",\"logo\":{\"@type\":\"ImageObject\",\"inLanguage\":\"fr-FR\",\"@id\":\"https:\/\/djembekadon.fr\/#\/schema\/logo\/image\/\",\"url\":\"https:\/\/djembekadon.fr\/wp-content\/uploads\/2021\/08\/cropped-logo-f-djembe-ka-don.png\",\"contentUrl\":\"https:\/\/djembekadon.fr\/wp-content\/uploads\/2021\/08\/cropped-logo-f-djembe-ka-don.png\",\"width\":512,\"height\":512,\"caption\":\"Djemb\u00e9 Ka Don\"},\"image\":{\"@id\":\"https:\/\/djembekadon.fr\/#\/schema\/logo\/image\/\"}}]}<\/script>\n<!-- \/ Yoast SEO plugin. -->","yoast_head_json":{"title":"Partitions old - Djemb\u00e9 Ka Don","robots":{"index":"index","follow":"follow","max-snippet":"max-snippet:-1","max-image-preview":"max-image-preview:large","max-video-preview":"max-video-preview:-1"},"canonical":"https:\/\/djembekadon.fr\/index.php\/partitions-old\/","og_locale":"fr_FR","og_type":"article","og_title":"Partitions old - Djemb\u00e9 Ka Don","og_description":"Cat\u00e9gories Aucun contenu pour le moment revenez visiter la page ult\u00e9rieurement.&times;","og_url":"https:\/\/djembekadon.fr\/index.php\/partitions-old\/","og_site_name":"Djemb\u00e9 Ka Don","article_modified_time":"2024-05-13T09:26:44+00:00","twitter_card":"summary_large_image","schema":{"@context":"https:\/\/schema.org","@graph":[{"@type":"WebPage","@id":"https:\/\/djembekadon.fr\/index.php\/partitions-old\/","url":"https:\/\/djembekadon.fr\/index.php\/partitions-old\/","name":"Partitions old - Djemb\u00e9 Ka Don","isPartOf":{"@id":"https:\/\/djembekadon.fr\/#website"},"datePublished":"2021-11-21T03:47:34+00:00","dateModified":"2024-05-13T09:26:44+00:00","breadcrumb":{"@id":"https:\/\/djembekadon.fr\/index.php\/partitions-old\/#breadcrumb"},"inLanguage":"fr-FR","potentialAction":[{"@type":"ReadAction","target":["https:\/\/djembekadon.fr\/index.php\/partitions-old\/"]}]},{"@type":"BreadcrumbList","@id":"https:\/\/djembekadon.fr\/index.php\/partitions-old\/#breadcrumb","itemListElement":[{"@type":"ListItem","position":1,"name":"Accueil","item":"https:\/\/djembekadon.fr\/"},{"@type":"ListItem","position":2,"name":"Partitions old"}]},{"@type":"WebSite","@id":"https:\/\/djembekadon.fr\/#website","url":"https:\/\/djembekadon.fr\/","name":"Djemb\u00e9 Ka Don","description":"Flash info : Inscription de derni\u00e8re minute !!!  Pour le cours d\u2019initiation Djemb\u00e9  (D\u00e9butant ou 1 an de pratique de l\u2019instrument), Il est  toujours possible de s\u2019inscrire au cours de Djemb\u00e9 ( le jeudi)  jusqu\u2019aux vacances de No\u00ebl. Pour les confirm\u00e9s, vous pouvez vous inscrire aux cours de Djemb\u00e9 et\/ou de Duns tout au long de l\u2019ann\u00e9e 2025-26.\u00a0 Le prix des cours sera calcul\u00e9 au prorata des s\u00e9ances restantes.","publisher":{"@id":"https:\/\/djembekadon.fr\/#organization"},"potentialAction":[{"@type":"SearchAction","target":{"@type":"EntryPoint","urlTemplate":"https:\/\/djembekadon.fr\/?s={search_term_string}"},"query-input":{"@type":"PropertyValueSpecification","valueRequired":true,"valueName":"search_term_string"}}],"inLanguage":"fr-FR"},{"@type":"Organization","@id":"https:\/\/djembekadon.fr\/#organization","name":"Djemb\u00e9 Ka Don","url":"https:\/\/djembekadon.fr\/","logo":{"@type":"ImageObject","inLanguage":"fr-FR","@id":"https:\/\/djembekadon.fr\/#\/schema\/logo\/image\/","url":"https:\/\/djembekadon.fr\/wp-content\/uploads\/2021\/08\/cropped-logo-f-djembe-ka-don.png","contentUrl":"https:\/\/djembekadon.fr\/wp-content\/uploads\/2021\/08\/cropped-logo-f-djembe-ka-don.png","width":512,"height":512,"caption":"Djemb\u00e9 Ka Don"},"image":{"@id":"https:\/\/djembekadon.fr\/#\/schema\/logo\/image\/"}}]}},"jetpack_sharing_enabled":true,"_links":{"self":[{"href":"https:\/\/djembekadon.fr\/index.php\/wp-json\/wp\/v2\/pages\/186","targetHints":{"allow":["GET"]}}],"collection":[{"href":"https:\/\/djembekadon.fr\/index.php\/wp-json\/wp\/v2\/pages"}],"about":[{"href":"https:\/\/djembekadon.fr\/index.php\/wp-json\/wp\/v2\/types\/page"}],"author":[{"embeddable":true,"href":"https:\/\/djembekadon.fr\/index.php\/wp-json\/wp\/v2\/users\/2"}],"replies":[{"embeddable":true,"href":"https:\/\/djembekadon.fr\/index.php\/wp-json\/wp\/v2\/comments?post=186"}],"version-history":[{"count":2,"href":"https:\/\/djembekadon.fr\/index.php\/wp-json\/wp\/v2\/pages\/186\/revisions"}],"predecessor-version":[{"id":538,"href":"https:\/\/djembekadon.fr\/index.php\/wp-json\/wp\/v2\/pages\/186\/revisions\/538"}],"wp:attachment":[{"href":"https:\/\/djembekadon.fr\/index.php\/wp-json\/wp\/v2\/media?parent=186"}],"curies":[{"name":"wp","href":"https:\/\/api.w.org\/{rel}","templated":true}]}}